 w(h) = -h**2 + 3*h + 3. Let f = -4 + 20. Suppose -5 = -3*v - 2*l, -2*v + 6 - f = 4*l. Determine w(v).
-7
Let v(n) be the second derivative of n**3/6 + 15*n**2/2 - 257*n + 2. Give v(-9).
6
Let c(p) be the first derivative of p**3/3 - p**2 - 1. Let t be c(3). Suppose t*o = 2*o + 1. Let m(b) = 5*b**3 - b**2 + 1. What is m(o)?
5
Let b(l) = l**2 - l - 30. Let a be b(6). Let j(t) = t**3 + t**2 + t + 30. What is j(a)?
30
Let s be 46*(0 - 2) - -2. Let h be (-12)/s + 56/30. Let t(o) = 0*o - h*o - 3 + 3*o. Calculate t(4).
1
Suppose 7*b - 10*b = 0. Suppose 5*q + l - 5 = b, 3*l = 2*q + l - 14. Let w be ((-36)/(-6))/(1 - q). Let k(x) = -x**3 - 6*x**2 + 2*x - 1. Determine k(w).
-13
Let q(m) be the second derivative of -m**3/6 - 3*m**2/2 - 4*m. Let x be q(-5). Suppose -6*n + 12 = -x*n. Let b(l) = -2*l. What is b(n)?
-6
Suppose 30 = 5*o - 6*y + y, -o + 7 = -2*y. Let b(m) = -m + 9. What is b(o)?
4
Let z = -45 + 50. Suppose 5*j - 10 = -3*t, 6*j - 21 = -z*t + 2*j. Let k(p) = -p + 10. What is k(t)?
5
Let p(q) = 10*q - 9. Let h(f) = 13*f - 10. Let t(m) = 6*h(m) - 7*p(m). Give t(-3).
-21
Let g = 152 + -148. Let l(b) = b**2 + 4*b + 5. Give l(g).
37
Let r(i) = -12*i**2 + 20*i + 17. Let t(z) = 4*z**2 - 7*z - 6. Let b(p) = 3*r(p) + 8*t(p). Let c(h) = -h**2 + h. Let f(w) = -b(w) + 6*c(w). Calculate f(2).
-7
Let i = 210 + -205. Let u(y) be the second derivative of -4*y + 5/2*y**2 + 0 + 7/6*y**3 - 1/20*y**i - 5/12*y**4. Give u(-6).
-1
Let g(p) = 132 - 2*p**2 - 75 + 9*p - 61. Calculate g(6).
-22
Let z(u) be the second derivative of -u**5/20 + 5*u**4/12 - u**3/6 + u**2 + 20*u - 4. Calculate z(5).
-3
Suppose -5*n = -2*a + 28, -3*n - 11 = 1. Suppose a*p - 12 - 4 = 0. Suppose -5*l - p = 6. Let c(m) = m + 2. Determine c(l).
0
Let u(x) = 5*x - 7. Let s(r) = -r + 1. Let g(q) = 6*s(q) + u(q). Let t be -2 - (-2 + (-2 - -2)). Determine g(t).
-1
Suppose 4*d = p - 78, 2*d + p + 42 + 0 = 0. Let y = 27 + d. Let m(z) = z - 5. Determine m(y).
2
Let p = -275 - -274. Let g(v) be the third derivative of 7*v**4/24 + v**3/6 - 2*v**2. Give g(p).
-6
Let j(y) be the second derivative of 0*y**2 - 3*y + 0 - 1/2*y**3. Suppose 0 = 49*t - 60*t + 11. Calculate j(t).
-3
Let z(r) = -r**3 - 7*r**2 + 8*r - 7. Let d be z(-8). Let o(a) = a**2 + 10*a + 14. What is o(d)?
-7
Let s(v) = -2*v + 17. Let m be s(6). Let w(q) be the third derivative of 1/60*q**5 + 0 + 1/6*q**3 - q**2 + 0*q - 1/8*q**4. Give w(m).
11
Let f(y) = 7*y**3 + 7*y**2 + 6*y + 12. Let a(q) = -9*q**3 - 6*q**2 - 5*q - 13. Let b(m) = -3*a(m) - 4*f(m). Give b(-9).
-9
Suppose -s + 5*s = 5*w + 44, -5*s + 14 = 4*w. Let y(f) = -37*f + 11*f + 8*f + 14*f - s. Calculate y(-5).
14
Let g(r) = r - 4. Let s(o) = -o + 4. Let b(v) = -4*g(v) - 5*s(v). Let j be 5/2 + (-2)/(-4). What is b(j)?
-1
Suppose -174*p + 164*p = 50. Let l(y) = y**3 + 3*y**2 - 9*y - 4. What is l(p)?
-9
Let q(s) = -s - 1. Let a(w) = -w**2 + 4*w + 5. Let l be a(5). Suppose 13*f - 11*f + 8 = l. What is q(f)?
3
Let b = 599 + -605. Let h(a) be the first derivative of 1 + 1/3*a**3 - 7*a + 7/2*a**2. What is h(b)?
-13
Suppose -36*q + 24 - 240 = 0. Let z(s) = s**3 + 5*s**2 - 6*s - 3. What is z(q)?
-3
Let r(f) = -20*f - 5. Let w(i) = 5*i + 1. Let a(y) = -2*r(y) - 11*w(y). Give a(-1).
14
Suppose -5*u + 78 + 17 = 0. Suppose 0 = -4*w + u + 1. Let h(c) = 6*c + 3*c**2 - w - 2*c**2 + 0*c**2 + 0*c. What is h(-5)?
-10
Let x(i) = -2*i**3 + 6*i**2 - 2*i + 5. Let l be x(4). Let m = l + 38. Let r(o) = o**2. Let k(q) = q**3 - 4*q + 2. Let b(h) = k(h) - 2*r(h). Determine b(m).
-1
Let j be (6/(-7))/((-1)/(-7)). Let n(k) = -k**2 - 5*k - 8. Give n(j).
-14
Let s(o) = o + 5. Let h be s(-7). Let f(d) = -1. Let z(k) = 6 - 2 - 2*k + k + 0. Let i(c) = 5*f(c) + z(c). Give i(h).
1
Let g(r) be the third derivative of -r**4/24 - 13*r**3/6 + 2*r**2. Let o = -1610 + 1604. What is g(o)?
-7
Let v(y) = y**2. Let a(f) = 2*f**2 + f. Suppose -8*u + 69 = 21. Let b(k) = u*a(k) - 13*v(k). What is b(6)?
0
Let y(o) = o**3 + 9*o**2 - 10*o + 14. Let c be 6/4*(70/(-15) + -2). What is y(c)?
14
Let m(x) = -x**3 - 7*x**2 - 4. Let c = 277 - 284. Determine m(c).
-4
Let y(k) = -5*k + 5 - k + 5*k. Let p(l) = -l + 6. Let o(c) = -2*p(c) + 3*y(c). Let t(u) = -u + 5. Let g be t(8). What is o(g)?
6
Let o(d) = 6*d**3 + d**2 - 2*d + 1. Suppose 4*m = -5*b - 16, -34 = 4*b - 18. Determine o(m).
6
Let v(a) = -15 + a**2 + 10*a + 9 - 12*a. Determine v(4).
2
Let l(j) = 3*j - 19*j - 23 + 0*j**2 + 16 + j**2 + 18. Calculate l(15).
-4
Let a(h) be the second derivative of h**4/12 - h**3/6 + h**2/2 + h + 35. Give a(-3).
13
Let c(p) be the third derivative of -p**6/720 - p**5/60 + p**4/24 + 3*p**2. Let j(t) be the second derivative of c(t). Determine j(0).
-2
Let c(g) = -5*g**2 + 2*g - 10. Let k(v) = v**2 - 1. Let l(p) = -2*p**2 + 3. Let d(f) = -5*k(f) - 2*l(f). Let y(s) = c(s) - 4*d(s). Determine y(4).
-14
Let o(t) = -t**2 - 6*t + 5. Let n = -112 - -76. Let l be 2*(n/10 + 2/(-5)). Calculate o(l).
-11
Let c(o) be the third derivative of 0 + 0*o**4 - 1/6*o**3 + 1/120*o**6 + 0*o + 0*o**5 + 15*o**2. What is c(2)?
7
Let m(g) = g**2 - 9*g - 5. Suppose -218 = 5*i - 173. Let c(u) = 6*u**2 + 52*u - 10. Let x be c(i). Calculate m(x).
-13
Let x(p) be the first derivative of p**3/3 + 4*p**2 + 4*p + 318. Calculate x(-7).
-3
Let i(k) = -23*k. Let z(m) = 134*m. Let g(n) = -34*i(n) - 6*z(n). Determine g(-1).
22
Suppose 8 = -c - 4*v, 0 = c - 12*v + 9*v - 20. Let p(d) = d + 13*d + d**2 + 12 - 24*d. Determine p(c).
-4
Let l(b) = -14*b**3 + 34*b**2 - 4*b + 25. Let x(f) = -3*f**3 + 8*f**2 - f + 6. Let j(s) = 2*l(s) - 9*x(s). Calculate j(-4).
-8
Let z = 142 - 138. Let k(t) = -t + 3. Give k(z).
-1
Let p(v) = -7*v - 5. Let y(w) = -w + 1. Let m(r) = -p(r) + 4*y(r). What is m(-4)?
-3
Let b(l) = -l**2 - 2*l - 6. Let w(p) = 3*p + 136. Let j be w(-46). Give b(j).
-6
Let s(c) be the second derivative of -c**3/3 + 5*c**2/2 - 5*c. Suppose 0 = -170*z + 66*z + 728. Determine s(z).
-9
Let k(v) = -14*v - 28. Let u(a) = 7*a + 11. Let h(p) = -2*k(p) - 5*u(p). What is h(-3)?
22
Let v = -958 - -956. Let r(u) = 4*u**3 - 3*u**2 + 1. Determine r(v).
-43
Let s be 15*-1*(91 - 90). Let o(r) = r**2 + 16*r + 10. Give o(s).
-5
Let p(g) = g + 2. Let q = -2 + 8. Let r be -3 - (-13 + (-2 - q/(-2))). Determine p(r).
11
Let f(o) = -2*o**2 + 9*o - 7. Let d be f(3). Let q be -1*6/3 + d. Let t(u) = -u**2 - 14. What is t(q)?
-14
Let q = -1 - 2. Let m(u) = 2*u**3 - 4 - 81*u**2 + 0*u + 85*u**2 - 2*u. Calculate m(q).
-16
Let l(b) = -1 - 7 + b + 1. Suppose -3*h + 10 + 38 = 0. Suppose -h*a = -12*a. Determine l(a).
-7
Let a(q) = 7*q - 13. Let t(b) = 4*b - 7. Let d(p) = -3*a(p) + 5*t(p). Give d(12).
-8
Let v(r) = -49*r**3 - 2*r + 50*r**3 + 0 - 2. What is v(-2)?
-6
Let z(l) be the second derivative of l**4/12 - l**3/6 - l**2/2 + 2*l - 12. Let b(t) = -3*t**2 - 4*t + 3. Let v(k) = -b(k) - 2*z(k). Determine v(-4).
-9
Let g(x) = 2*x + 12. Let a = 311 + -316. What is g(a)?
2
Let l be 22*(-2 + 9/6 - -1). Let n = l - 15. Let f(b) = b**2 + 4*b - 2. Determine f(n).
-2
Let a(d) = -5*d**2 - 2*d - 4 + 2*d**3 + 5 + 3*d**2. Let u = 185 - 183. Calculate a(u).
5
Suppose 2*c = 2*y, c + 0*c - 4*y + 6 = 0. Let o(d) = -d**3 + 2*d**2 - 5*d + 5. Determine o(c).
-5
Suppose -2*p - 9 = -5*p, 3*n - 54 = -5*p. Suppose 5 = -0*q + q, 0 = w - 2*q + n. Let z(o) = -o**3 - 5*o**2 - 2*o - 2. Calculate z(w).
-14
Let o(p) = 3 + 50*p + 55*p + 3*p**2 - 109*p. Give o(2).
7
Let d(w) = -2*w**2 - 6*w - 1. Let u(x) = -2*x**3 - 6*x**2 - 3*x + 6. Let b be u(-3). Let o = b - 19. Give d(o).
-9
Let x(l) = -l**2 + 4*l + 33. Let y be x(-4). Let a(t) be the third derivative of 7*t**4/24 - 3*t**2. Determine a(y).
7
Suppose 5*z - 10 = 10. Let m(u) = -2*u**2 + 1 + 228*u - 113*u + 2 + u**3 - 120*u. Give m(z).
15
Let d(z) be the first derivative of 4*z - 1/3*z**3 + 1 + z**2. Determine d(-4).
-20
Suppose -16 = -4*o - 2*v, -2*o - 2*v + 3 = -9. Let r = o - 4. Let k(z) = -3*z**2 - 2*z + 1. Give k(r).
-7
Let k(y) = -3*y**3 - y**2 + 10*y**2 - 10*y**2 + 5*y**3 + 1. What is k(2)?
13
Let q(l) be the first derivative of -l**5/120 + l**4/12 + 4*l**3/3 - 7. Let s(d) be the third derivative of q(d). Determine s(-6).
8
Suppose -7*l = 3*l - 50. Let g(d) = -d**2 + 5*d + 4. Determine g(l).
4
Let p(h) = -17 - 16*h + 44*h - 11*h - 16*h + 4. Calculate p(3).
-10
Let h(i) be the third derivative of i**6/